3006?
False
Does 41 divide 6724?
True
Is 3262 a multiple of 14?
True
Is 131 a multiple of 9?
False
Does 6 divide 358?
False
Does 283 divide 2806?
False
Is 690 a multiple of 7?
False
Is 162 a factor of 110990?
False
Does 5 divide 8742?
False
Is 7497 a multiple of 44?
False
Is 5 a factor of 200?
True
Is 2488 a multiple of 7?
False
Does 13 divide 127?
False
Is 14 a factor of 280?
True
Is 126 a multiple of 18?
True
Does 26 divide 1120?
False
Is 183 a multiple of 6?
False
Is 34 a factor of 5134?
True
Is 4221 a multiple of 9?
True
Is 683 even?
False
Is 1178 a multiple of 7?
False
Is 837 a multiple of 8?
False
Is 742 a multiple of 53?
True
Is 497 a multiple of 7?
True
Is 89 a multiple of 3?
False
Is 51310 a multiple of 31?
False
Does 15 divide 5345?
False
Is 52 a factor of 10277?
False
Is 10649 a multiple of 92?
False
Is 267 even?
False
Is 2434 a multiple of 10?
False
Is 88 a factor of 21055?
False
Does 79 divide 44497?
False
Is 10 a factor of 4735?
False
Is 1003 a multiple of 20?
False
Is 14896 a multiple of 76?
True
Is 25 a factor of 3425?
True
Does 26 divide 3943?
False
Is 59786 a multiple of 15?
False
Is 28 a factor of 20608?
True
Is 36 a factor of 432?
True
Is 18 a factor of 17514?
True
Is 36312 a multiple of 26?
False
Is 23 a factor of 92?
True
Is 11232 a multiple of 32?
True
Is 135 a factor of 4455?
True
Is 10385 a multiple of 67?
True
Does 17 divide 187?
True
Is 4 a factor of 8807?
False
Is 12 a multiple of 12?
True
Is 3056 a multiple of 4?
True
Does 11 divide 4106?
False
Is 12 a factor of 420?
True
Is 9225 a multiple of 25?
True
Is 272 a multiple of 8?
True
Is 107 a factor of 42573?
False
Is 39576 a multiple of 51?
True
Is 46 a factor of 35863?
False
Is 1163 a multiple of 12?
False
Is 58110 a multiple of 14?
False
Is 485 a multiple of 20?
False
Is 8569 a multiple of 18?
False
Does 50 divide 240?
False
Does 37 divide 1517?
True
Is 105 a multiple of 14?
False
Is 3945 a multiple of 5?
True
Is 31 a factor of 3928?
False
Does 153 divide 6579?
True
Does 322 divide 14504?
False
Does 19 divide 943?
False
Is 99 a factor of 2823?
False
Does 8 divide 88?
True
Is 108 a multiple of 3?
True
Is 43 a factor of 14018?
True
Is 598 a multiple of 18?
False
Is 4192 a multiple of 3?
False
Is 7 a factor of 1591?
False
Does 3 divide 20331?
True
Is 30 a factor of 3180?
True
Is 57667 a multiple of 61?
False
Does 17 divide 527?
True
Is 30 a factor of 15340?
False
Is 819 a multiple of 4?
False
Is 1160 a multiple of 3?
False
Is 252 a multiple of 9?
True
Does 10 divide 491?
False
Is 1764 a multiple of 18?
True
Does 20 divide 900?
True
Does 48 divide 3456?
True
Is 14 a factor of 35842?
False
Does 4 divide 866?
False
Does 2 divide 6151?
False
Is 969 a multiple of 17?
True
Does 39 divide 158?
False
Does 94 divide 1598?
True
Is 40 a factor of 1164?
False
Does 52 divide 2028?
True
Is 2079 a multiple of 9?
True
Is 7093 a multiple of 173?
True
Is 3540 a multiple of 12?
True
Is 35950 a multiple of 23?
False
Is 1146 a multiple of 2?
True
Is 20 a factor of 160?
True
Does 7 divide 42433?
False
Does 4 divide 354?
False
Does 3 divide 12435?
True
Is 354 a multiple of 6?
True
Does 13 divide 9641?
False
Is 76482 a multiple of 21?
True
Is 167 a factor of 4342?
True
Is 4720 a multiple of 118?
True
Does 7 divide 3801?
True
Is 17 a factor of 20638?
True
Is 14 a factor of 3290?
True
Does 48 divide 1248?
True
Is 2 a factor of 1234?
True
Does 141 divide 7191?
True
Is 69 a factor of 3335?
False
Does 65 divide 3558?
False
Does 6 divide 7128?
True
Does 46 divide 11411?
False
Does 2 divide 23223?
False
Is 45276 a multiple of 33?
True
Is 58 a factor of 870?
True
Does 22 divide 651?
False
Does 13 divide 2951?
True
Is 61 a factor of 1464?
True
Is 108 a factor of 3576?
False
Is 35 a factor of 2135?
True
Does 93 divide 4054?
False
Is 770 a multiple of 77?
True
Is 19 a factor of 285?
True
Is 165 a multiple of 5?
True
Is 5 a factor of 7029?
False
Is 180 a factor of 27720?
True
Is 1125 a multiple of 5?
True
Is 3590 a multiple of 6?
False
Is 41 a factor of 5330?
True
Does 14 divide 3976?
True
Does 15 divide 1427?
False
Is 128 a factor of 8192?
True
Is 14 a factor of 388?
False
Does 113 divide 11173?
False
Is 1463 a multiple of 20?
False
Does 22 divide 902?
True
Is 10640 a multiple of 80?
True
Is 13972 a multiple of 14?
True
Is 5 a factor of 886?
False
Is 4928 a multiple of 22?
True
Is 1760 a multiple of 40?
True
Is 186 a multiple of 25?
False
Is 2267 a multiple of 13?
False
Is 25 a factor of 475?
True
Is 185 a multiple of 37?
True
Is 336 even?
True
Is 28 a factor of 41?
False
Is 10025 a multiple of 25?
True
Does 17 divide 14875?
True
Is 2618 a multiple of 14?
True
Does 110 divide 17278?
False
Does 20 divide 12057?
False
Is 12 a factor of 6585?
False
Is 38 a factor of 4945?
False
Is 13503 a multiple of 64?
False
Is 4 a factor of 15?
False
Is 522 a multiple of 5?
False
Does 19 divide 8437?
False
Is 3890 a multiple of 6?
False
Is 1086 a multiple of 6?
True
Is 6 a factor of 1315?
False
Is 696 a multiple of 116?
True
Is 160 a factor of 3512?
False
Is 1892 a multiple of 43?
True
Is 5 a factor of 1115?
True
Is 10 a factor of 4923?
False
Is 9 a factor of 927?
True
Is 10064 a multiple of 38?
False
Is 180 a multiple of 10?
True
Does 26 divide 2626?
True
Is 276 a factor of 63480?
True
Is 7546 a multiple of 98?
True
Does 57 divide 1794?
False
Is 400 a multiple of 7?
False
Does 39 divide 574?
False
Is 32 even?
True
Is 822 a multiple of 137?
True
Is 20 a factor of 3800?
True
Is 14 a factor of 57728?
False
Is 17 a factor of 2749?
False
Is 23 a factor of 131?
False
Is 248 a factor of 40343?
False
Does 17 divide 5311?
False
Is 1378 a multiple of 26?
True
Is 160 a multiple of 3?
False
Is 2730 a multiple of 15?
True
Is 843 a multiple of 3?
True
Is 60979 a multiple of 7?
False
Is 15 a factor of 60?
True
Is 733 a multiple of 63?
False
Is 7 a factor of 162?
False
Does 9 divide 449?
False
Is 1178 a multiple of 19?
True
Is 229 a factor of 10076?
True
Is 1626 a multiple of 16?
False
Does 62 divide 16616?
True
Is 3125 a multiple of 9?
False
Is 4 a factor of 4440?
True
Is 111 a multiple of 3?
True
Is 54 a factor of 63504?
True
Is 54 a factor of 55?
False
Is 15599 a multiple of 19?
True
Is 1508 a multiple of 52?
True
Does 25 divide 27357?
False
Is 87 a factor of 7272?
False
Is 8 a factor of 1656?
True
Is 50978 a multiple of 359?
True
Is 144 a multiple of 18?
True
Does 11 divide 124?
False
Is 1014 a multiple of 62?
False
Does 35 divide 6777?
False
Is 1074 a multiple of 27?
False
Is 61 a factor of 10370?
True
Does 11 divide 411?
False
Is 30 a factor of 16950?
True
Is 291 a factor of 77848?
False
Is 16 a factor of 51039?
False
Is 335 a multiple of 4?
False
Is 10440 a multiple of 60?
True
Is 117 a factor of 13572?
True
Is 22 a factor of 3905?
False
Is 883 a multiple of 7?
False
Does 13 divide 9919?
True
Is 131 a multiple of 17?
False
Is 10 a factor of 2545?
False
Is 630 a multiple of 15?
True
Does 29 divide 1073?
True
Is 1881 a multiple of 19?
True
Does 8 divide 5876?
False
Is 36 a factor of 26159?
False
Does 16 divide 1835?
False
Is 174 a multiple of 87?
True
Does 262 divide 21232?
False
Is 8774 a multiple of 5?
False
Does 9 divide 106191?
True
Is 400 a multiple of 5?
True
Is 75460 a multiple of 59?
False
Is 18238 a multiple of 22?
True
Is 50 a factor of 2200?
True
Does 13 divide 1004?
False
Is 44878 a multiple of 62?
False
Does 12 divide 1090?
False
Is 9 a factor of 18711?
True
Does 10 divide 44575?
False
Is 218 a factor of 17658?
True
Is 47662 a multiple of 21?
False
Is 5627 a multiple of 7?
False
Is 293 a factor of 112601?
False
Is 25 a multiple of 3?
False
Is 461 a multiple of 13?
False
Is 9 a factor of 62127?
True
Does 36 divide 29628?
True
Is 525 a multiple of 15?
True
Does 3 divide 7299?
True
Does 34 divide 98?
False
Is 710 a multiple of 50?
False
Does 13 divide 1170?
True
Is 11 a factor of 3421?
True
Is 1560 a multiple of 30?
True
Does 37 divide 2813?
False
Is 61 a factor of 42334?
True
Does 21 divide 5292?
True
Is 1096 even?
True
Is 12 a factor of 6552?
True
Is 486 a multiple of 54?
True
Is 2023 a multiple of 20?
False
Does 22 divide 2684?
True
Is 17137 a multiple of 9?
False
Does 45 divide 5175?
True
Is 1707 a multiple of 11?
False
Is 270 a factor of 5670?
True
Is 588 a multiple of 17?
False
Is 70 a factor of 1500?
False
